se -4*v - 5*v + 423 = 0. Let n = 58 - v. Let g(s) = -21*s - 1. Calculate the remainder when g(-2) is divided by n.
8
Let j = 124 + -41. Let l = 8 + j. What is the remainder when l is divided by (6/(-4))/(6/(-92))?
22
Let s(m) = 3*m**2 - 7*m + 9. What is the remainder when s(3) is divided by (70/(-21))/((-2)/6)?
5
Suppose -2*l + 100 = 2*l. What is the remainder when l is divided by (2 + 144/(-30))/(-4 - 57/(-15))?
11
Let c(a) = a**2 - a - 44. What is the remainder when 59 is divided by c(8)?
11
Let p = -46 + 252. Calculate the remainder when p is divided by 23.
22
Let b be 9/(-27) + (-17)/3. Calculate the remainder when (-24)/(-14) - b/21 - -79 is divided by 17.
13
Let y(i) = -i**2 + 8*i - 26. Let t be y(5). Let h = 2 - t. What is the remainder when 35 is divided by h?
9
Let n(g) = g**2 + 6*g - 64. What is the remainder when 70 is divided by n(6)?
6
Let f = -17 - -43. Let t = -22 + f. Let g(i) = i**2 - 8*i + 9. What is the remainder when t is divided by g(7)?
0
Suppose y + 114 = 7*y. Let t be (2 - -26)*10/1. Suppose b = -4*b + t. Calculate the remainder when b is divided by y.
18
Let f(l) = l**2 + 2*l + 12. Calculate the remainder when 47 is divided by f(-5).
20
Let f(q) = -q + 22. Suppose 3*p + 2*p - 285 = 0. Calculate the remainder when p is divided by f(10).
9
Suppose 5*b - 2*w - 190 = 0, 21 - 114 = -3*b - 3*w. Let d = -20 - -28. What is the remainder when b is divided by d?
4
Suppose -134 = 13*j - 14*j. Let b = j + -95. Calculate the remainder when b is divided by 14.
11
Let p = 57 + -48. Calculate the remainder when (1*-2 - -23)*12/p is divided by 11.
6
Suppose 10*d - 8220 = -20*d. What is the remainder when d is divided by 28?
22
Suppose -9*d = -4*d - 10. Calculate the remainder when 1/((d/85)/2) is divided by 29.
27
Let i(r) = -22 - 20 - 11*r**2 - 27 + 73 + 10*r - r**3. Suppose 5*g + 45 + 15 = 0. Calculate the remainder when i(g) is divided by 15.
13
Suppose 5*r - 1 = -u - 7, 3*u - 5*r - 62 = 0. Suppose u*q - 180 = -q. Calculate the remainder when 22 is divided by q.
10
Suppose -3*w = -3*c + 2151, 11*c = 7*c + w + 2883. Calculate the remainder when c is divided by 27.
20
Suppose i = 5*i - 3*d - 785, -4*i + 773 = d. What is the remainder when i is divided by 34?
24
Suppose 9*g - 3*h = 11*g - 1168, 0 = -5*g + 2*h + 2901. What is the remainder when g is divided by 15?
11
Suppose 382*w - 1296 = 177*w + 189*w. What is the remainder when w is divided by -2*(-22)/(-8)*-4?
15
What is the remainder when ((-1)/4)/((-53)/11236) is divided by 28?
25
Let t be ((-12)/30)/((-1)/10). Suppose 0 = -t*k + k. Suppose -3 + k = -y. Calculate the remainder when 8 is divided by y.
2
Suppose 4*c - 5*c = 1. Let u(d) = d**2 + 7*d + 11. What is the remainder when (-21 - -20)*(c - 36) is divided by u(-8)?
18
Suppose 119 + 43 = 6*n. Calculate the remainder when 376 is divided by n.
25
Let n(y) = 6*y**2 - 39*y - 116. Calculate the remainder when 98 is divided by n(-3).
43
Let r(d) = 1. Let m(a) = -2*a - 1. Let p(g) = -m(g) + 3*r(g). Suppose -914*y + 953*y - 2652 = 0. Calculate the remainder when y is divided by p(5).
12
Suppose 4*o = -5*i + 340, 3*i - 272 = -i + 2*o. Suppose 5*k = 5*f - 75, -5*k = 4*f - 7*k - i. Calculate the remainder when f is divided by 2.
1
Let a(c) = 2*c**2 - 4. Let f be a(2). Suppose -2*v = f*v - 12. Calculate the remainder when 47 is divided by -1*v + (-70)/(-5).
11
Let k(r) = 8*r**2 + 3*r + 3. Let z be k(-2). Let p(w) = -w**2 - 5*w + 29. What is the remainder when 0 + z + 2 + -2 is divided by p(-7)?
14
Let m = 15 + -18. Let o be (-28)/8 - m/6. Let t(i) = -i**3 + 5*i**2 + 3*i - 1. Calculate the remainder when t(o) is divided by 13.
10
Suppose -2*q - 352 = -2*c, -3*c - 18*q = -23*q - 528. Calculate the remainder when c is divided by 59.
58
Let s(v) = 18*v - 86. Calculate the remainder when 71 is divided by s(7).
31
Suppose -3*j - 7*u + 34 = -2*u, 5*j + 2*u = 82. Let t = -53 - -8. Calculate the remainder when j is divided by 36/5 + 9/t.
4
Let u = -97 + 101. Suppose u*t - 38 - 24 = -3*k, -5*k - 61 = -3*t. Calculate the remainder when 99 is divided by t.
14
Calculate the remainder when (-22 - -1)/(42/(-196)) is divided by 9.
8
Suppose 0 = 2*t + 2*j - 52, t + 3*t = -2*j + 106. Calculate the remainder when 103 is divided by t.
22
Let a = 16 + -10. Suppose 15*u = 74 + 271. Calculate the remainder when u is divided by a.
5
Let u(c) = -2*c**3 + 3*c**2 + 9*c + 4. What is the remainder when 807 is divided by u(-2)?
9
Suppose 20 = b + 3*b. Suppose -b*l + 356 = 91. Calculate the remainder when l is divided by 27.
26
Let x = 0 - -3. Let f(p) = p**2 - 2*p. Let v be f(3). Calculate the remainder when 9 + -5 + 0 + v is divided by x.
1
Suppose 0 = -w - 5*q + 3 + 93, 3*w + 2*q = 223. Let f = 32 - 14. Calculate the remainder when w is divided by f.
17
Let i(p) = -p**3 + 2*p**2 - 12*p + 48. What is the remainder when 42 is divided by i(3)?
0
Suppose 625 = -3*g + 649. Calculate the remainder when 390 is divided by g.
6
Let d = -5 - -2. Let v be d*9 + (-51)/(-17). Let s = 1 - v. Calculate the remainder when 122 is divided by s.
22
Suppose 3*l - 130 - 92 = 2*f, -4*f = -2*l + 156. Let y = 3 - -16. Calculate the remainder when l is divided by y.
15
Suppose 3*x - t = 28, 2*x - 7*x - 2*t + 65 = 0. What is the remainder when (29/(-2))/((-42)/(-28) + -2) is divided by x?
7
Let i(q) = 31*q**2 - 5*q + 6. Let o be i(2). Let b = o + -109. What is the remainder when 109 is divided by b?
10
What is the remainder when 9*16/(-4)*11/(-3) is divided by 14?
6
Let t(s) = 4*s - 22 + 4*s - 4*s + 3*s. What is the remainder when 52 is divided by t(7)?
25
Suppose -4*t = 5*a - 4*a + 13, 0 = 4*a + 3*t + 26. Let k(w) = 3*w**2 + 3*w - 14. Calculate the remainder when 227 is divided by k(a).
43
Suppose 0 = 32*q - 109 + 45. Calculate the remainder when 53 is divided by q.
1
Let p(y) = -y**3 + 19*y**2 - 10*y + 3. What is the remainder when p(18) is divided by 31?
23
Let z be 1400/26 + (-14)/(-91). Suppose -4*v + z - 14 = 0. What is the remainder when 19 is divided by v?
9
What is the remainder when 88 is divided by (-15)/((920/(-96))/23)?
16
Let x be 505/(-55) - (-2)/11. Let n = x + 9. Suppose -o - 2*o + 72 = n. What is the remainder when o is divided by 7?
3
Let w(l) = l**3 - 20*l**2 + 55*l - 20. Calculate the remainder when 107 is divided by w(17).
11
Suppose -m + 270 = -5*x, -5*m = -3*m + x - 540. Suppose -9*f = -180 - m. Suppose -40 = -5*p + 25. What is the remainder when f is divided by p?
11
Let j(m) = -5*m**3 - 2*m**2 - m. Let c be j(-1). Suppose -c*z - 17 + 189 = 0. What is the remainder when z is divided by -22 + (-1836)/(-84) - 78/(-7)?
10
Suppose -i - 58 = 4*p - 88, 4*i = p + 1. Calculate the remainder when 22 is divided by p.
1
Calculate the remainder when 2*(1 + -2) - -357 is divided by 36.
31
Let r = -100 - -174. Let d = -34 - -55. What is the remainder when r is divided by d?
11
Suppose 398 = 3*b - 1123. Suppose 0*s = -5*s + k + b, -2*s + 2*k = -198. Suppose -f = -7*f + s. Calculate the remainder when f is divided by 9.
8
Suppose 3*l = 12, 4*q = -l + 20 + 748. Let d = -64 + 167. Calculate the remainder when d is divided by q/5 - 4 - 4/(-5).
33
Let g = -487 - -599. What is the remainder when g is divided by 20?
12
Let n = -7 + 76. Let m = 255 - 237. What is the remainder when n is divided by m?
15
Suppose 3*i = 3*p + 8*i - 225, -p - 3*i + 71 = 0. Suppose 4*r = b - p, -6*r - 208 = -3*b - 2*r. What is the remainder when b is divided by 11?
9
Suppose 26*a = -10*a + 1800. Calculate the remainder when a is divided by 18.
14
Let u(s) = 83*s**2 - 3*s + 9. What is the remainder when u(3) is divided by 107?
105
Suppose -2*v - 3 = -1. Let n(y) = 2 - 1 - 44*y + 2*y. What is the remainder when n(v) is divided by 15?
13
Let w be (-8 - -80) + 8/2. Let v = 166 - w. Calculate the remainder when v is divided by 31.
28
Suppose -8017 = -27*n - 403. What is the remainder when n is divided by 11?
7
Let v(n) = 20*n**2 + 4*n + 1. Let l be v(-3). Let a = l + -67. What is the remainder when 6/(-4)*a/(-9) is divided by 6?
5
Let j(y) = -y**3 + 16*y**2 + 23*y - 8. Let k = 32 + -15. What is the remainder when j(k) is divided by 33?
28
Let w(b) = b + 34. What is the remainder when 27 is divided by w(-20)?
13
Suppose 52 = g - 0. Let a = 25 - 11. What is the remainder when g is divided by a?
10
Let t(a) = 25*a